9
Let x(r) be the third derivative of -r**5/60 + 11*r**4/24 + 2*r**3/3 - r**2. Let z be x(10). Suppose z + 32 = 2*p. List the prime factors of p.
23
Suppose 605779 = 134*i + 161971. What are the prime factors of i?
2, 3, 23
Suppose -2*a = a + 6. List the prime factors of 775/10 - 3/a.
79
Let o(f) = f**2 + 138. Let v be o(0). Let z be v/(-4) - 21/(-14). What are the prime factors of (z/(-9))/((-2)/(-24))?
2, 11
Let x(m) = -m**2 - 13*m + 14. Let j be x(-14). Suppose -4*v + d + 350 = v, 2*d = j. List the prime factors of v.
2, 5, 7
Let y be ((-6)/4)/(2/4) + -58. Let v = 149 + y. List the prime factors of v.
2, 11
Suppose -104*g + 38349 = -95*g. List the prime factors of g.
4261
Let m(d) = 17*d**2 + 2*d - 3. Suppose 11*q = 6*q + 10. Let w be 6*((-6)/(-9))/q. What are the prime factors of m(w)?
3, 23
Let g(w) be the third derivative of w**5/30 + 7*w**3/6 - 15*w**2. List the prime factors of g(5).
3, 19
What are the prime factors of 914 - (18/(-9) - (-1 - 2))?
11, 83
Suppose 4*b = -38 + 138. Let r = b + -21. Suppose 2*i = r, -o = 5*i - 2*i - 15. List the prime factors of o.
3
Let s = 1439 + -444. What are the prime factors of s?
5, 199
Let j = -62 - -58. What are the prime factors of (-2)/((1 - 66/68)*j)?
17
Let q(b) be the first derivative of -5*b**2 - 9*b - 36. Let h be (-6)/(-9)*-3 - 4. What are the prime factors of q(h)?
3, 17
Suppose s - l - 3*l - 66 = 0, s - 62 = 3*l. What are the prime factors of (s - 26)*(-4)/(-3)*4?
2
Let t be 135/10 + (-2)/(-4). Suppose 9*c - t*c + 10 = 0. Suppose 4*q - r = 96, -54 = q - 3*q + c*r. What are the prime factors of q?
23
Let o(i) = 1907*i**3 + i**2 - 4*i + 3. List the prime factors of o(1).
1907
Let s(w) = 4*w**2 + 15*w + 43. What are the prime factors of s(14)?
17, 61
Let a = -26 - -26. Suppose a = -s + 18 + 16. Suppose 0*j + j - 29 = -3*c, j - s = 2*c. What are the prime factors of j?
2
Let h(l) = -26*l**3 + 59*l**3 + l**2 - 32*l**3 + 143 + 3*l. What are the prime factors of h(0)?
11, 13
What are the prime factors of ((-1)/2)/((-14)/3528)?
2, 3, 7
Let z(w) = w**3 + 6*w**2 + 3*w - 1. Suppose 3*t + x - 2 = -15, 4*t = 2*x - 34. Let o(b) = b**3 + 6*b**2 - 5. Let p be o(t). What are the prime factors of z(p)?
3
Let u = -328 - -658. Let b = u - 221. What are the prime factors of b?
109
Let y = 228 - -281. What are the prime factors of y?
509
Suppose -44*m = -42*m + 40. What are the prime factors of (2 + (1 - 6))*m?
2, 3, 5
Suppose 9 + 15 = 3*v. Suppose -4*c + 8 + v = 0. Suppose -24 = c*b - 7*b. List the prime factors of b.
2
Let h(r) = -64*r + 7. List the prime factors of h(-4).
263
Let x(w) = 25*w - 521. What are the prime factors of x(35)?
2, 3, 59
Suppose -13*x - 549 = -16*x. Let d = x - 103. List the prime factors of d.
2, 5
Suppose -7*z = -1366 - 4444. Let o = -560 + z. List the prime factors of o.
2, 3, 5
Suppose 27 = -0*r - 3*r. What are the prime factors of ((-3)/r)/(7/210)?
2, 5
Let x(z) = -4*z**2 - 14*z - 18. Let g(j) = 5*j**2 + 13*j + 17. Let b(q) = -5*g(q) - 6*x(q). What are the prime factors of b(19)?
23
Let n(p) = p**2 - 3*p - 2. Let o(v) = -2*v + 12. Let c be o(7). Let a be (-4 - -4) + (c - 1). What are the prime factors of n(a)?
2
Let f(a) = 16*a**2 - 5*a + 17. What are the prime factors of f(-6)?
7, 89
Suppose -2*s = -4, 2*m - 3*s - 186 = -0*m. Suppose 5*a - 239 - m = 0. Suppose -2*v = -a - 11. What are the prime factors of v?
3, 13
What are the prime factors of (3809 - -4) + (-8 - 1)?
2, 3, 317
Let m(o) = o**3 - 4*o**2 - 12*o + 12. Let g be m(5). Let a = 127 - g. List the prime factors of a.
2, 3, 5
Suppose -8*v + 11*v = 0. Suppose 0 = 4*l + 3*u - 8*u - 209, 5*l - 2*u - 240 = v. List the prime factors of l.
2, 23
Suppose 14*i - 60667 + 16385 = 0. What are the prime factors of i?
3163
Let h = 94 + -98. What are the prime factors of h/16 + (-2605)/(-20)?
2, 5, 13
Let d = 102 + 63. Suppose r - 3*k - d = -4*r, -2*r = -k - 65. What are the prime factors of r?
2, 3, 5
Suppose 2*k + 38 = 7*k + 2*z, -4 = 4*z. Let d(r) = 12*r. Let v be d(1). What are the prime factors of k/v*27/6?
3
Let h(f) = 4*f**2 - 45*f - 13. List the prime factors of h(-21).
2, 337
Suppose -2*g + 4*h + 5526 = 0, 103*g + h = 102*g + 2748. What are the prime factors of g?
2753
Let a(g) = g**3 - 23*g**2 - 10*g. What are the prime factors of a(26)?
2, 13, 17
Suppose -o - 3 = -8*x + 9*x, -3*o = 9. Suppose 7*w - 11*w + 292 = x. What are the prime factors of w?
73
Let u be (0/11)/((-4)/2). Suppose 25 = -2*b - 5*z, 5*b + 25 = -5*z - u*z. Suppose -5*n + 20 = 0, -k + b*n - n + 33 = 0. What are the prime factors of k?
29
Suppose 15 = -4*n + 35, -2*n + 262 = b. What are the prime factors of b?
2, 3, 7
Suppose c - 2*d = 45, 5*d - d = 3*c - 127. Suppose 2*f = 5*o - o - 112, o - 5*f = c. Let v = o + 1. What are the prime factors of v?
2, 7
Let m = -3702 + 5426. List the prime factors of m.
2, 431
Let o(p) be the third derivative of -p**6/120 + 7*p**5/60 - p**4/8 + 2*p**3/3 + 14*p**2. What are the prime factors of o(5)?
3, 13
Let i(o) = 3*o**2 - 27*o - 189. List the prime factors of i(-14).
3, 7, 37
Let q be (21/(-3) - -2)/(-1). Suppose q*l + 41 = 6*l. List the prime factors of l.
41
Let p(j) = j - 11. Let m be p(10). Let i = 0 + m. List the prime factors of i*(2 + 2)*-6.
2, 3
Let z = -34 + 75. Let a = z + 126. What are the prime factors of a?
167
Let k = -18 + 34. Suppose 5*c + 4*i - 489 = 3*i, -4*i = -k. What are the prime factors of c?
97
Let i = 8 - 4. Suppose 2*n = -i*k - 24, 2*k + 3*n + 4 = -0*k. Let j(f) = -3*f + 7. List the prime factors of j(k).
31
Suppose 5*x - 2 = 4*x. Suppose -61 = -y + 5*u + 56, -x*u + 666 = 5*y. List the prime factors of y.
2, 3, 11
Suppose 4*g = -f + 57, g = 2*g - 4*f - 10. Suppose -246 = -6*v - 216. Suppose -3*z = -v*z + g. List the prime factors of z.
7
Let s be 2/(-2*3)*-18. Suppose s = -4*f - 106. List the prime factors of 1 + 2 + f/(-1).
31
Suppose -18 + 434 = 2*r + 4*z, z + 868 = 4*r. Let t = -37 + r. List the prime factors of t.
179
Let k = 37 - 35. Suppose -2*l = -l - 3. Suppose 3*n - 36 = l*g, -g = k*n + n - 36. What are the prime factors of n?
2, 3
Let d be (6 + -1)*-1*-1. Suppose d + 1 = -2*k. What are the prime factors of (k + 10)/(2/6)?
3, 7
Let i be (4/6)/((3 + -5)/(-6)). Suppose i*j - 1603 = -5*j. What are the prime factors of j?
229
Let i = 1217 + -379. What are the prime factors of i?
2, 419
Let j(r) = -50*r - 3. Let t be j(-9). Let q = t + -312. What are the prime factors of q?
3, 5
Let p be -2 + 9 + 6 + -2. Suppose 14*f = p*f + 180. What are the prime factors of f?
2, 3, 5
Let d be 2/(2 + -4)*-4. Suppose 185 = m + 5*s, d*m = 5*m + s - 173. List the prime factors of m.
2, 5, 17
Suppose 0 = -5*j - 3*c + c - 21, -18 = 2*j + 4*c. Let n be -4 + -3 - j - -56. Suppose 0 = 2*t - n - 10. List the prime factors of t.
31
Let t = 9 - 7. List the prime factors of t/7 - (-2784)/56.
2, 5
Let x(f) be the first derivative of -5/3*f**3 - f - 1/4*f**4 + 1 - 1/2*f**2. List the prime factors of x(-5).
2
Let p = 51 + -53. What are the prime factors of 129 - ((-14)/4 - 1/p)?
2, 3, 11
Let q(u) = u + 5*u - 1 - 15*u - 18*u. What are the prime factors of q(-4)?
107
Suppose 0 = 5*j + 5*w - 830, 0 = 2*j - 2*w - 45 - 279. Let b = j - 47. List the prime factors of b.
3, 13
Let w(f) = 4*f**2 + 5*f - 10. Let l be w(-7). Suppose -225 = -8*x + l. List the prime factors of x.
47
Suppose -514 = 15*q + 1811. Let g = q - -259. What are the prime factors of g?
2, 13
List the prime factors of 25464/54 - (-8)/18.
2, 59
Let c = 1440 + -4114. What are the prime factors of (1 - (2 + -4))/((-42)/c)?
191
Suppose 291 = 2*l - 3*z, 2*l - z - 256 - 29 = 0. Let u = -13 + l. List the prime factors of u.
2
Suppose -5*s + 18 = -2*d, 5*s - d = -3*d + 22. Suppose s*i + 16 = -2*m, 4*m + 0*m - 5*i + 6 = 0. What are the prime factors of (m + 3 + 0)*-30?
2, 3, 5
Suppose 9*x - 7690 = 6980. List the prime factors of x.
2, 5, 163
Suppose 9*b + 4*k - 327 = 8*b, 4*b = -4*k + 1332. What are the prime factors of b?
5, 67
Let x(i) = 48*i**2 - 40*i - 182. What are the prime factors of x(-5)?
2, 3, 7, 29
Let k(t) = -t**3 - 5*t**2 - 2*t - 5. Suppose d - 3*x + 5 = 17, 5*d = -4*x + 22. Let b = -11 + d. List the prime factors of k(b).
5
Let r(g) = -g**3 - 5*g**2 - g + 6. Let z be r(-5). Let a = -7 + z. Suppose 48 = -2*j + a*j. List the prime factors of j.
2, 3
Suppose